{"id":6173,"date":"2022-06-24T12:37:57","date_gmt":"2022-06-24T12:37:57","guid":{"rendered":"https:\/\/sscid.org\/?page_id=6173"},"modified":"2022-12-03T14:05:58","modified_gmt":"2022-12-03T14:05:58","slug":"qui-sommes-nous","status":"publish","type":"page","link":"https:\/\/sscid.org\/index.php\/qui-sommes-nous\/","title":{"rendered":"Missions"},"content":{"rendered":"\t\t<div data-elementor-type=\"wp-page\" data-elementor-id=\"6173\" class=\"elementor elementor-6173\" data-elementor-post-type=\"page\">\n\t\t\t\t\t\t<section class=\"elementor-section elementor-top-section elementor-element elementor-element-37ac9d9 elementor-section-boxed elementor-section-height-default elementor-section-height-default\" data-id=\"37ac9d9\" data-element_type=\"section\">\n\t\t\t\t\t\t<div class=\"elementor-container elementor-column-gap-default\">\n\t\t\t\t\t<div class=\"elementor-column elementor-col-100 elementor-top-column elementor-element elementor-element-b1012e4\" data-id=\"b1012e4\" data-element_type=\"column\">\n\t\t\t<div class=\"elementor-widget-wrap elementor-element-populated\">\n\t\t\t\t\t\t<div class=\"elementor-element elementor-element-55268ae elementor-headline--style-highlight elementor-widget elementor-widget-animated-headline\" data-id=\"55268ae\" data-element_type=\"widget\" data-settings=\"{&quot;highlighted_text&quot;:&quot;Missions&quot;,&quot;headline_style&quot;:&quot;highlight&quot;,&quot;marker&quot;:&quot;circle&quot;,&quot;loop&quot;:&quot;yes&quot;,&quot;highlight_animation_duration&quot;:1200,&quot;highlight_iteration_delay&quot;:8000}\" data-widget_type=\"animated-headline.default\">\n\t\t\t\t<div class=\"elementor-widget-container\">\n\t\t\t\t\t<h3 class=\"elementor-headline\">\n\t\t\t\t\t<span class=\"elementor-headline-plain-text elementor-headline-text-wrapper\">Les <\/span>\n\t\t\t\t<span class=\"elementor-headline-dynamic-wrapper elementor-headline-text-wrapper\">\n\t\t\t\t\t<span class=\"elementor-headline-dynamic-text elementor-headline-text-active\">Missions<\/span>\n\t\t\t\t<\/span>\n\t\t\t\t\t<span class=\"elementor-headline-plain-text elementor-headline-text-wrapper\">de la fondation SScID<\/span>\n\t\t\t\t\t<\/h3>\n\t\t\t\t<\/div>\n\t\t\t\t<\/div>\n\t\t\t\t\t<\/div>\n\t\t<\/div>\n\t\t\t\t\t<\/div>\n\t\t<\/section>\n\t\t\t\t<section class=\"elementor-section elementor-top-section elementor-element elementor-element-789f3bed elementor-section-stretched elementor-section-content-middle elementor-section-boxed elementor-section-height-default elementor-section-height-default\" data-id=\"789f3bed\" data-element_type=\"section\" data-settings=\"{&quot;stretch_section&quot;:&quot;section-stretched&quot;,&quot;background_background&quot;:&quot;classic&quot;}\">\n\t\t\t\t\t\t<div class=\"elementor-container elementor-column-gap-default\">\n\t\t\t\t\t<div class=\"elementor-column elementor-col-50 elementor-top-column elementor-element elementor-element-5a8c3f0c\" data-id=\"5a8c3f0c\" data-element_type=\"column\">\n\t\t\t<div class=\"elementor-widget-wrap elementor-element-populated\">\n\t\t\t\t\t\t<div class=\"elementor-element elementor-element-7b43440c elementor-widget elementor-widget-text-editor\" data-id=\"7b43440c\" data-element_type=\"widget\" data-settings=\"{&quot;_animation_mobile&quot;:&quot;none&quot;}\" data-widget_type=\"text-editor.default\">\n\t\t\t\t<div class=\"elementor-widget-container\">\n\t\t\t\t\t\t\t<span style=\"color:#000\">La cr\u00e9ation de la fondation SScID est une opportunit\u00e9 de faire travailler ensemble les \u00e9tats, les centres de recherches, les universit\u00e9s, les startups et les institutions internationales, tout en s\u2019appuyant sur les connections des diplomates pour d\u00e9velopper les connaissances et les comp\u00e9tences en sciences et technologies.<\/span>\n\n<span style=\"color:#000\">Les missions de la Fondation s&#8217;\u00e9tendent sur 4 domaines interconnect\u00e9s pour un impact maximal dans les 5 prochaines ann\u00e9es:<\/span>\t\t\t\t\t\t<\/div>\n\t\t\t\t<\/div>\n\t\t\t\t\t<\/div>\n\t\t<\/div>\n\t\t\t\t<div class=\"elementor-column elementor-col-50 elementor-top-column elementor-element elementor-element-159d096f\" data-id=\"159d096f\" data-element_type=\"column\">\n\t\t\t<div class=\"elementor-widget-wrap elementor-element-populated\">\n\t\t\t\t\t\t<div class=\"elementor-element elementor-element-761d608d elementor-widget elementor-widget-premium-image-scroll\" data-id=\"761d608d\" data-element_type=\"widget\" data-widget_type=\"premium-image-scroll.default\">\n\t\t\t\t<div class=\"elementor-widget-container\">\n\t\t\t\t\t\t<div class=\"premium-image-scroll-section\" >\r\n\t\t\t\t<div class=\"premium-image-scroll-container\" data-settings=\"{&quot;trigger&quot;:&quot;hover&quot;,&quot;direction&quot;:&quot;vertical&quot;,&quot;reverse&quot;:&quot;&quot;}\">\r\n\t\t\t\t\t\t\t\t\t\t<div class=\"premium-image-scroll-vertical premium-image-scroll-mask-media\">\r\n\t\t\t\t\t\t<img fetchpriority=\"high\" decoding=\"async\" width=\"350\" height=\"610\" src=\"https:\/\/sscid.org\/wp-content\/uploads\/2022\/08\/drone.png\" class=\"attachment-full size-full wp-image-6519\" alt=\"\" srcset=\"https:\/\/sscid.org\/wp-content\/uploads\/2022\/08\/drone.png 350w, https:\/\/sscid.org\/wp-content\/uploads\/2022\/08\/drone-172x300.png 172w\" sizes=\"(max-width: 350px) 100vw, 350px\" \/>\t\t\t\t\t<\/div>\r\n\t\t\t\t<\/div>\r\n\t\t\t<\/div>\r\n\t\t\t\t<\/div>\n\t\t\t\t<\/div>\n\t\t\t\t\t<\/div>\n\t\t<\/div>\n\t\t\t\t\t<\/div>\n\t\t<\/section>\n\t\t\t\t<section class=\"elementor-section elementor-top-section elementor-element elementor-element-a748ed4 elementor-section-boxed elementor-section-height-default elementor-section-height-default\" data-id=\"a748ed4\" data-element_type=\"section\" data-settings=\"{&quot;background_background&quot;:&quot;classic&quot;}\">\n\t\t\t\t\t\t<div class=\"elementor-container elementor-column-gap-default\">\n\t\t\t\t\t<div class=\"elementor-column elementor-col-100 elementor-top-column elementor-element elementor-element-f5b7c6f\" data-id=\"f5b7c6f\" data-element_type=\"column\">\n\t\t\t<div class=\"elementor-widget-wrap elementor-element-populated\">\n\t\t\t\t\t\t<div class=\"elementor-element elementor-element-aa54e62 elementor-widget elementor-widget-spacer\" data-id=\"aa54e62\" data-element_type=\"widget\" data-widget_type=\"spacer.default\">\n\t\t\t\t<div class=\"elementor-widget-container\">\n\t\t\t\t\t<div class=\"elementor-spacer\">\n\t\t\t<div class=\"elementor-spacer-inner\"><\/div>\n\t\t<\/div>\n\t\t\t\t<\/div>\n\t\t\t\t<\/div>\n\t\t\t\t<div class=\"elementor-element elementor-element-c065878 elementor-widget elementor-widget-text-editor\" data-id=\"c065878\" data-element_type=\"widget\" data-widget_type=\"text-editor.default\">\n\t\t\t\t<div class=\"elementor-widget-container\">\n\t\t\t\t\t\t\t<h5>I &#8211; Recherche &amp; Collaboration<\/h5>\n<span style=\"color: #000;\">Organiser des \u00e9changes (conf\u00e9rence, forum, colloque, s\u00e9minaire \u2026) de haut niveau autour de la science et de la diplomatie, pour accompagner la transformation de l\u2019Afrique autour des solutions technologiques innovantes.<\/span> <br><br>\n<h5>II- Financement<\/h5>\n<span style=\"color: #000;\">Mobiliser des fonds pour aider \u00e0 la mise en \u0153uvre \u00e0 grande \u00e9chelle en Afrique, de projets impactants pour les populations.<\/span><br><br>\n<h5>III- Formation<\/h5>\n<span style=\"color: #000;\">Renforcer les capacit\u00e9s des acteurs publiques et des \u00e9tudiants dans le domaine des sciences et des technologies sur des th\u00e9matiques qui auront \u00e9t\u00e9 pr\u00e9alablement identifi\u00e9es.<\/span><br><br>\n<h5>IV- Programmes de transformation<\/h5>\n<span style=\"color: #000;\">Recenser les initiatives innovantes qui ont le potentiel de relever les d\u00e9fis sur des th\u00e9matiques tels que\u00a0:<\/span>\n<ul style=\"margin-top: -10px;\">\n \t<li style=\"padding-top: 2px; color: #000;\"><span>La technologie au service d\u2019une \u00e9ducation de qualit\u00e9 ;<\/span><\/li>\n \t<li style=\"margin-top: -10px; color: #000;\"><span>L\u2019E-sant\u00e9 pour am\u00e9liorer l&#8217;acc\u00e8s aux soins des africains;<\/span><\/li>\n \t<li style=\"margin-top: -10px; color: #000;\"><span>L\u2019\u00e9nergie nucl\u00e9aire, et la mise en \u0153uvre des Small (Nano) Modular R\u00e9actor (SMR) en Afrique ;<\/span><\/li>\n \t<li style=\"margin-top: -10px; color: #000;\"><span> La mod\u00e9lisation pr\u00e9dictive et pr\u00e9vision des crises s\u00e9curitaires en Afrique \u00e0 l\u2019aide de l\u2019intelligence artificielle ;<\/span><\/li>\n \t<li style=\"margin-top: -10px; color: #000;\"><span>L\u2019autonomisation des jeunes et des femmes pour la construction de la paix et de la s\u00e9curit\u00e9 et pour la pr\u00e9vention de l\u2019extr\u00e9misme violent ;<\/span><\/li>\n \t<li style=\"margin-top: -10px;\"><span style=\"color: #000;\">Les changements climatiques et la s\u00e9curit\u00e9 alimentaire ;<\/span><\/li>\n \t<li style=\"margin-top: -10px; color: #000;\"><span>La cybers\u00e9curit\u00e9 et la s\u00e9curisation du cyberespace Africain ;<\/span><\/li>\n \t<li style=\"margin-top: -10px; color: #000;\"><span style=\"color: #000;\">\u00c9laborer\/incuber des initiatives et des projets scientifiques et technologiques concrets visant \u00e0 relever les d\u00e9fis du continent sur les th\u00e9matiques sus mentionn\u00e9s.<\/span><\/li>\n<\/ul>\t\t\t\t\t\t<\/div>\n\t\t\t\t<\/div>\n\t\t\t\t<div class=\"elementor-element elementor-element-fb60f04 elementor-widget elementor-widget-spacer\" data-id=\"fb60f04\" data-element_type=\"widget\" data-widget_type=\"spacer.default\">\n\t\t\t\t<div class=\"elementor-widget-container\">\n\t\t\t\t\t<div class=\"elementor-spacer\">\n\t\t\t<div class=\"elementor-spacer-inner\"><\/div>\n\t\t<\/div>\n\t\t\t\t<\/div>\n\t\t\t\t<\/div>\n\t\t\t\t\t<\/div>\n\t\t<\/div>\n\t\t\t\t\t<\/div>\n\t\t<\/section>\n\t\t\t\t<\/div>\n\t\t","protected":false},"excerpt":{"rendered":"<p>Les Missions de la fondation SScID La cr\u00e9ation de la fondation SScID est une opportunit\u00e9 de faire travailler ensemble les \u00e9tats, les centres de recherches, les universit\u00e9s, les startups et les institutions internationales, tout en s\u2019appuyant sur les connections des diplomates pour d\u00e9velopper les connaissances et les comp\u00e9tences en sciences et technologies. Les missions de [&hellip;]<\/p>\n","protected":false},"author":2,"featured_media":6392,"parent":0,"menu_order":0,"comment_status":"closed","ping_status":"closed","template":"","meta":{"footnotes":""},"class_list":["post-6173","page","type-page","status-publish","has-post-thumbnail","hentry"],"_links":{"self":[{"href":"https:\/\/sscid.org\/index.php\/wp-json\/wp\/v2\/pages\/6173","targetHints":{"allow":["GET"]}}],"collection":[{"href":"https:\/\/sscid.org\/index.php\/wp-json\/wp\/v2\/pages"}],"about":[{"href":"https:\/\/sscid.org\/index.php\/wp-json\/wp\/v2\/types\/page"}],"author":[{"embeddable":true,"href":"https:\/\/sscid.org\/index.php\/wp-json\/wp\/v2\/users\/2"}],"replies":[{"embeddable":true,"href":"https:\/\/sscid.org\/index.php\/wp-json\/wp\/v2\/comments?post=6173"}],"version-history":[{"count":67,"href":"https:\/\/sscid.org\/index.php\/wp-json\/wp\/v2\/pages\/6173\/revisions"}],"predecessor-version":[{"id":6850,"href":"https:\/\/sscid.org\/index.php\/wp-json\/wp\/v2\/pages\/6173\/revisions\/6850"}],"wp:featuredmedia":[{"embeddable":true,"href":"https:\/\/sscid.org\/index.php\/wp-json\/wp\/v2\/media\/6392"}],"wp:attachment":[{"href":"https:\/\/sscid.org\/index.php\/wp-json\/wp\/v2\/media?parent=6173"}],"curies":[{"name":"wp","href":"https:\/\/api.w.org\/{rel}","templated":true}]}}